{"id":170,"date":"2019-11-05T08:55:56","date_gmt":"2019-11-05T05:55:56","guid":{"rendered":"https:\/\/alternatifdireksiyon.com.tr\/index.php\/our-services\/"},"modified":"2023-04-10T13:04:37","modified_gmt":"2023-04-10T10:04:37","slug":"hizmetlerimiz","status":"publish","type":"page","link":"https:\/\/alternatifdireksiyon.com.tr\/index.php\/hizmetlerimiz\/","title":{"rendered":"Hizmetlerimiz"},"content":{"rendered":"\t\t<div data-elementor-type=\"wp-page\" data-elementor-id=\"170\" class=\"elementor elementor-170\">\n\t\t\t\t\t\t\t\t\t<section class=\"elementor-section elementor-top-section elementor-element elementor-element-dd7521a elementor-section-boxed elementor-section-height-default elementor-section-height-default\" data-id=\"dd7521a\" data-element_type=\"section\">\n\t\t\t\t\t\t<div class=\"elementor-container elementor-column-gap-no\">\n\t\t\t\t\t<div class=\"elementor-column elementor-col-100 elementor-top-column elementor-element elementor-element-6aa45b8\" data-id=\"6aa45b8\" data-element_type=\"column\">\n\t\t\t<div class=\"elementor-widget-wrap elementor-element-populated\">\n\t\t\t\t\t\t\t\t<section class=\"elementor-section elementor-inner-section elementor-element elementor-element-d7fc8ac elementor-section-content-middle elementor-section-boxed elementor-section-height-default elementor-section-height-default\" data-id=\"d7fc8ac\" data-element_type=\"section\" data-settings=\"{&quot;background_background&quot;:&quot;classic&quot;}\">\n\t\t\t\t\t\t\t<div class=\"elementor-background-overlay\"><\/div>\n\t\t\t\t\t\t\t<div class=\"elementor-container elementor-column-gap-no\">\n\t\t\t\t\t<div class=\"elementor-column elementor-col-50 elementor-inner-column elementor-element elementor-element-7846bb8\" data-id=\"7846bb8\" data-element_type=\"column\">\n\t\t\t<div class=\"elementor-widget-wrap elementor-element-populated\">\n\t\t\t\t\t\t\t\t<div class=\"elementor-element elementor-element-20c7373 animated-fast elementor-invisible elementor-widget elementor-widget-heading\" data-id=\"20c7373\" data-element_type=\"widget\" data-settings=\"{&quot;_animation&quot;:&quot;opal-move-up&quot;}\" data-widget_type=\"heading.default\">\n\t\t\t\t<div class=\"elementor-widget-container\">\n\t\t\t<style>\/*! elementor - v3.12.1 - 02-04-2023 *\/\n.elementor-heading-title{padding:0;margin:0;line-height:1}.elementor-widget-heading .elementor-heading-title[class*=elementor-size-]>a{color:inherit;font-size:inherit;line-height:inherit}.elementor-widget-heading .elementor-heading-title.elementor-size-small{font-size:15px}.elementor-widget-heading .elementor-heading-title.elementor-size-medium{font-size:19px}.elementor-widget-heading .elementor-heading-title.elementor-size-large{font-size:29px}.elementor-widget-heading .elementor-heading-title.elementor-size-xl{font-size:39px}.elementor-widget-heading .elementor-heading-title.elementor-size-xxl{font-size:59px}<\/style><h2 class=\"elementor-heading-title elementor-size-xl\">Kalite Tesad\u00fcf De\u011fil<\/h2>\t\t<\/div>\n\t\t\t\t<\/div>\n\t\t\t\t<div class=\"elementor-element elementor-element-abd5f0b animated-fast elementor-invisible elementor-widget elementor-widget-text-editor\" data-id=\"abd5f0b\" data-element_type=\"widget\" data-settings=\"{&quot;_animation&quot;:&quot;opal-move-up&quot;}\" data-widget_type=\"text-editor.default\">\n\t\t\t\t<div class=\"elementor-widget-container\">\n\t\t\t<style>\/*! elementor - v3.12.1 - 02-04-2023 *\/\n.elementor-widget-text-editor.elementor-drop-cap-view-stacked .elementor-drop-cap{background-color:#69727d;color:#fff}.elementor-widget-text-editor.elementor-drop-cap-view-framed .elementor-drop-cap{color:#69727d;border:3px solid;background-color:transparent}.elementor-widget-text-editor:not(.elementor-drop-cap-view-default) .elementor-drop-cap{margin-top:8px}.elementor-widget-text-editor:not(.elementor-drop-cap-view-default) .elementor-drop-cap-letter{width:1em;height:1em}.elementor-widget-text-editor .elementor-drop-cap{float:left;text-align:center;line-height:1;font-size:50px}.elementor-widget-text-editor .elementor-drop-cap-letter{display:inline-block}<\/style>\t\t\t\t<p>2008 y\u0131l\u0131ndan bug\u00fcne kadar kusursuz m\u00fc\u015fteri memnuniyeti ile hizmet veriyoruz. \u015eimdi bu hizmeti T\u00fcrkiye\u2019nin her yerine ula\u015ft\u0131r\u0131yoruz!<\/p>\t\t\t\t\t\t<\/div>\n\t\t\t\t<\/div>\n\t\t\t\t<div class=\"elementor-element elementor-element-4d8d99a animated-fast elementor-icon-list--layout-traditional elementor-list-item-link-full_width elementor-invisible elementor-widget elementor-widget-icon-list\" data-id=\"4d8d99a\" data-element_type=\"widget\" data-settings=\"{&quot;_animation&quot;:&quot;opal-move-up&quot;}\" data-widget_type=\"icon-list.default\">\n\t\t\t\t<div class=\"elementor-widget-container\">\n\t\t\t<link rel=\"stylesheet\" href=\"https:\/\/alternatifdireksiyon.com.tr\/wp-content\/plugins\/elementor\/assets\/css\/widget-icon-list.min.css\">\t\t<ul class=\"elementor-icon-list-items\">\n\t\t\t\t\t\t\t<li class=\"elementor-icon-list-item\">\n\t\t\t\t\t\t\t\t\t\t\t<span class=\"elementor-icon-list-icon\">\n\t\t\t\t\t\t\t<i aria-hidden=\"true\" class=\"fas fa-square\"><\/i>\t\t\t\t\t\t<\/span>\n\t\t\t\t\t\t\t\t\t\t<span class=\"elementor-icon-list-text\">1.ARIZA TESP\u0130T<\/span>\n\t\t\t\t\t\t\t\t\t<\/li>\n\t\t\t\t\t\t\t\t<li class=\"elementor-icon-list-item\">\n\t\t\t\t\t\t\t\t\t\t\t<span class=\"elementor-icon-list-icon\">\n\t\t\t\t\t\t\t<i aria-hidden=\"true\" class=\"fas fa-square\"><\/i>\t\t\t\t\t\t<\/span>\n\t\t\t\t\t\t\t\t\t\t<span class=\"elementor-icon-list-text\">2.ONARIM<\/span>\n\t\t\t\t\t\t\t\t\t<\/li>\n\t\t\t\t\t\t\t\t<li class=\"elementor-icon-list-item\">\n\t\t\t\t\t\t\t\t\t\t\t<span class=\"elementor-icon-list-icon\">\n\t\t\t\t\t\t\t<i aria-hidden=\"true\" class=\"fas fa-square\"><\/i>\t\t\t\t\t\t<\/span>\n\t\t\t\t\t\t\t\t\t\t<span class=\"elementor-icon-list-text\">3.TESL\u0130MAT<\/span>\n\t\t\t\t\t\t\t\t\t<\/li>\n\t\t\t\t\t\t<\/ul>\n\t\t\t\t<\/div>\n\t\t\t\t<\/div>\n\t\t\t\t\t<\/div>\n\t\t<\/div>\n\t\t\t\t<div class=\"elementor-column elementor-col-50 elementor-inner-column elementor-element elementor-element-b927a6e\" data-id=\"b927a6e\" data-element_type=\"column\">\n\t\t\t<div class=\"elementor-widget-wrap elementor-element-populated\">\n\t\t\t\t\t\t\t\t<div class=\"elementor-element elementor-element-b2878d8 elementor-widget elementor-widget-image\" data-id=\"b2878d8\" data-element_type=\"widget\" data-widget_type=\"image.default\">\n\t\t\t\t<div class=\"elementor-widget-container\">\n\t\t\t<style>\/*! elementor - v3.12.1 - 02-04-2023 *\/\n.elementor-widget-image{text-align:center}.elementor-widget-image a{display:inline-block}.elementor-widget-image a img[src$=\".svg\"]{width:48px}.elementor-widget-image img{vertical-align:middle;display:inline-block}<\/style>\t\t\t\t\t\t\t\t\t\t\t\t<img decoding=\"async\" width=\"993\" height=\"747\" src=\"https:\/\/alternatifdireksiyon.com.tr\/wp-content\/uploads\/2023\/04\/alter.jpg\" class=\"attachment-full size-full wp-image-440\" alt=\"\" loading=\"lazy\" srcset=\"https:\/\/alternatifdireksiyon.com.tr\/wp-content\/uploads\/2023\/04\/alter.jpg 993w, https:\/\/alternatifdireksiyon.com.tr\/wp-content\/uploads\/2023\/04\/alter-300x226.jpg 300w, https:\/\/alternatifdireksiyon.com.tr\/wp-content\/uploads\/2023\/04\/alter-768x578.jpg 768w\" sizes=\"(max-width: 993px) 100vw, 993px\" \/>\t\t\t\t\t\t\t\t\t\t\t\t\t\t\t<\/div>\n\t\t\t\t<\/div>\n\t\t\t\t\t<\/div>\n\t\t<\/div>\n\t\t\t\t\t\t\t<\/div>\n\t\t<\/section>\n\t\t\t\t\t<\/div>\n\t\t<\/div>\n\t\t\t\t\t\t\t<\/div>\n\t\t<\/section>\n\t\t\t\t<section class=\"elementor-section elementor-top-section elementor-element elementor-element-0e8eae5 elementor-section-height-min-height elementor-section-content-middle elementor-section-boxed elementor-section-height-default elementor-section-items-middle\" data-id=\"0e8eae5\" data-element_type=\"section\" data-settings=\"{&quot;background_background&quot;:&quot;classic&quot;}\">\n\t\t\t\t\t\t<div class=\"elementor-container elementor-column-gap-no\">\n\t\t\t\t\t<div class=\"elementor-column elementor-col-100 elementor-top-column elementor-element elementor-element-6fafe98\" data-id=\"6fafe98\" data-element_type=\"column\">\n\t\t\t<div class=\"elementor-widget-wrap elementor-element-populated\">\n\t\t\t\t\t\t\t\t<section class=\"elementor-section elementor-inner-section elementor-element elementor-element-c9543f5 elementor-section-content-middle elementor-section-boxed elementor-section-height-default elementor-section-height-default\" data-id=\"c9543f5\" data-element_type=\"section\">\n\t\t\t\t\t\t<div class=\"elementor-container elementor-column-gap-no\">\n\t\t\t\t\t<div class=\"elementor-column elementor-col-100 elementor-inner-column elementor-element elementor-element-9a90527\" data-id=\"9a90527\" data-element_type=\"column\">\n\t\t\t<div class=\"elementor-widget-wrap elementor-element-populated\">\n\t\t\t\t\t\t\t\t<div class=\"elementor-element elementor-element-a9924ea animated-fast elementor-align-center elementor-mobile-align-center elementor-invisible elementor-widget elementor-widget-heading\" data-id=\"a9924ea\" data-element_type=\"widget\" data-settings=\"{&quot;_animation&quot;:&quot;opal-move-up&quot;}\" data-widget_type=\"heading.default\">\n\t\t\t\t<div class=\"elementor-widget-container\">\n\t\t\t<h2 class=\"elementor-heading-title elementor-size-xl\">Hizmetlerimiz<\/h2>\t\t<\/div>\n\t\t\t\t<\/div>\n\t\t\t\t\t<\/div>\n\t\t<\/div>\n\t\t\t\t\t\t\t<\/div>\n\t\t<\/section>\n\t\t\t\t<section class=\"elementor-section elementor-inner-section elementor-element elementor-element-c6bf301 elementor-section-boxed elementor-section-height-default elementor-section-height-default\" data-id=\"c6bf301\" data-element_type=\"section\">\n\t\t\t\t\t\t<div class=\"elementor-container elementor-column-gap-no\">\n\t\t\t\t\t<div class=\"elementor-column elementor-col-100 elementor-inner-column elementor-element elementor-element-e380d31\" data-id=\"e380d31\" data-element_type=\"column\">\n\t\t\t<div class=\"elementor-widget-wrap elementor-element-populated\">\n\t\t\t\t\t\t\t\t<div class=\"elementor-element elementor-element-dacee9f elementor-grid-3 animated-fast elementor-grid-tablet-2 elementor-grid-mobile-1 layout-icon-left elementor-invisible elementor-widget elementor-widget-opal-service\" data-id=\"dacee9f\" data-element_type=\"widget\" data-settings=\"{&quot;_animation&quot;:&quot;opal-move-up&quot;}\" data-widget_type=\"opal-service.default\">\n\t\t\t\t<div class=\"elementor-widget-container\">\n\t\t\t\t<div class=\"widget widget-service\">\r\n\t\t<div class=\"opalservice-recent-service opalservice-rows service-grid_v3\">\r\n\t\t \r\n\t\t\t\t<div class=\"elementor-grid elementor-items-container\">\r\n\t\t\t\t\t\t\t\t\t\t\t<div class=\"column-item  first-child\">\r\n\t\t\t\t\t\t\t\t\t\t\t\t\t\t\t \r\n<article itemscope itemtype=\"http:\/\/schema.org\/Service\" class=\"page post-180 opal_service type-opal_service status-publish has-post-thumbnail hentry\" >\r\n\t \t<div class=\"service-wrapper\">\r\n \t\t<div class=\"service-header\">\r\n\t\t\t\t\t\t\t<div class=\"service-box-icon\">\r\n\t\t\t\t\t\t\t        <div class=\"icon-image\">\r\n\t\t\t         \t<img decoding=\"async\" src=\"http:\/\/source.wpopal.com\/carutos-source\/images\/tire-and-wheel-services.svg\" alt=\"icon\">\r\n\t\t\t        <\/div>\r\n\t\t\t    \t\t\t\t<\/div>\r\n\t\t\t\t\t\t<h4 class=\"service-title\"><a href=\"https:\/\/alternatifdireksiyon.com.tr\/index.php\/opal_service\/direksiyon-bakimi-tamiri-revizyonu\/\" rel=\"bookmark\">Direksiyon Bak\u0131m\u0131, Tamir ve Revizyonu<\/a><\/h4>\t\t<\/div>\r\n\t\t<div class=\"entry-content\">\r\n\t\t\t<div class=\"service-content\">\r\n\t\t\t\t\t\t     <div class=\"service-categories info\">\r\n\t\t\t     \t\t\t     <\/div>\r\n\t\t\t\t\t\t\t\t\t\t<div class=\"service-description\">\r\n\t\t\t\t\tDireksiyon Bak\u0131m\u0131, Tamir ve Revizyonu T\u00fcm marka ve model ara\u00e7lar\u0131n direksiyon bak\u0131m\u0131, tamiri ve revizyon i\u015flemleri uzman ekibimiz taraf\u0131ndan yap\u0131lmaktad\u0131r. H\u0131zl\u0131 Servis \u00d6d\u00fcl\u00fc hizmet Uzman Ekip G\u00fcvenli \u00d6dem Uygun ...\t\t\t\t<\/div>\r\n\t\t\t\t\t\t\t\t\t<\/div>\r\n\t\t<\/div><!-- .entry-content -->\r\n\t<\/div>\r\n\t\t\t<meta itemprop=\"url\" content=\"https:\/\/alternatifdireksiyon.com.tr\/index.php\/opal_service\/direksiyon-bakimi-tamiri-revizyonu\/\" \/>\r\n\r\n<\/article><!-- #post-## -->\r\n\t\r\n\t\t\t\t\t\t\t\t\t\t\t\t\t<\/div>\r\n\t\t\t\t\t\t\t\t\t\t\t<div class=\"column-item \">\r\n\t\t\t\t\t\t\t\t\t\t\t\t\t\t\t \r\n<article itemscope itemtype=\"http:\/\/schema.org\/Service\" class=\"page post-177 opal_service type-opal_service status-publish has-post-thumbnail hentry\" >\r\n\t \t<div class=\"service-wrapper\">\r\n \t\t<div class=\"service-header\">\r\n\t\t\t\t\t\t\t<div class=\"service-box-icon\">\r\n\t\t\t\t\t\t\t        <div class=\"icon-image\">\r\n\t\t\t         \t<img decoding=\"async\" src=\"https:\/\/alternatifdireksiyon.com.tr\/wp-content\/uploads\/2019\/10\/tire-and-wheel-services.svg\" alt=\"icon\">\r\n\t\t\t        <\/div>\r\n\t\t\t    \t\t\t\t<\/div>\r\n\t\t\t\t\t\t<h4 class=\"service-title\"><a href=\"https:\/\/alternatifdireksiyon.com.tr\/index.php\/opal_service\/elektronik-destekli-sistemler\/\" rel=\"bookmark\">Elektronik Destekli Sistemler<\/a><\/h4>\t\t<\/div>\r\n\t\t<div class=\"entry-content\">\r\n\t\t\t<div class=\"service-content\">\r\n\t\t\t\t\t\t     <div class=\"service-categories info\">\r\n\t\t\t     \t\t\t     <\/div>\r\n\t\t\t\t\t\t\t\t\t\t<div class=\"service-description\">\r\n\t\t\t\t\tElektronik Destekli Sistemler Elektronik destekli direksiyonlar\u0131n tamir, bak\u0131m ve revizyon i\u015flemleri garantili yap\u0131lmaktad\u0131r. Bug\u00fcnlerde giderek daha fazla araba elektrik destekli hidrolik direksiyon ile donat\u0131l\u0131yor.\u00a0Elektrikli hidrolik direksiyonun avantaj\u0131, motor \u00e7al\u0131\u015fm\u0131yorken ...\t\t\t\t<\/div>\r\n\t\t\t\t\t\t\t\t\t<\/div>\r\n\t\t<\/div><!-- .entry-content -->\r\n\t<\/div>\r\n\t\t\t<meta itemprop=\"url\" content=\"https:\/\/alternatifdireksiyon.com.tr\/index.php\/opal_service\/elektronik-destekli-sistemler\/\" \/>\r\n\r\n<\/article><!-- #post-## -->\r\n\t\r\n\t\t\t\t\t\t\t\t\t\t\t\t\t<\/div>\r\n\t\t\t\t\t\t\t\t\t\t\t<div class=\"column-item \">\r\n\t\t\t\t\t\t\t\t\t\t\t\t\t\t\t \r\n<article itemscope itemtype=\"http:\/\/schema.org\/Service\" class=\"page post-176 opal_service type-opal_service status-publish has-post-thumbnail hentry\" >\r\n\t \t<div class=\"service-wrapper\">\r\n \t\t<div class=\"service-header\">\r\n\t\t\t\t\t\t\t<div class=\"service-box-icon\">\r\n\t\t\t\t\t\t\t        <div class=\"icon-image\">\r\n\t\t\t         \t<img decoding=\"async\" src=\"https:\/\/alternatifdireksiyon.com.tr\/wp-content\/uploads\/2019\/10\/tire-and-wheel-services.svg\" alt=\"icon\">\r\n\t\t\t        <\/div>\r\n\t\t\t    \t\t\t\t<\/div>\r\n\t\t\t\t\t\t<h4 class=\"service-title\"><a href=\"https:\/\/alternatifdireksiyon.com.tr\/index.php\/opal_service\/eps-tamiti\/\" rel=\"bookmark\">EPS Tamiri<\/a><\/h4>\t\t<\/div>\r\n\t\t<div class=\"entry-content\">\r\n\t\t\t<div class=\"service-content\">\r\n\t\t\t\t\t\t     <div class=\"service-categories info\">\r\n\t\t\t     \t\t\t     <\/div>\r\n\t\t\t\t\t\t\t\t\t\t<div class=\"service-description\">\r\n\t\t\t\t\tEPS Tamiri Firmam\u0131z taraf\u0131ndan ithal edilen tork sens\u00f6rleri ile yap\u0131lan tamirler 2 y\u0131l garanti kapsam\u0131ndad\u0131r. Ara\u00e7 \u00fcreticilerinin bug\u00fcnlerde ara\u00e7lar\u0131n\u0131 daha fazla yak\u0131t verimli hale getirmek i\u00e7in silah alt\u0131nda olduklar\u0131 ...\t\t\t\t<\/div>\r\n\t\t\t\t\t\t\t\t\t<\/div>\r\n\t\t<\/div><!-- .entry-content -->\r\n\t<\/div>\r\n\t\t\t<meta itemprop=\"url\" content=\"https:\/\/alternatifdireksiyon.com.tr\/index.php\/opal_service\/eps-tamiti\/\" \/>\r\n\r\n<\/article><!-- #post-## -->\r\n\t\r\n\t\t\t\t\t\t\t\t\t\t\t\t\t<\/div>\r\n\t\t\t\t\t\t\t\t\t\t\t<div class=\"column-item  first-child\">\r\n\t\t\t\t\t\t\t\t\t\t\t\t\t\t\t \r\n<article itemscope itemtype=\"http:\/\/schema.org\/Service\" class=\"page post-175 opal_service type-opal_service status-publish has-post-thumbnail hentry\" >\r\n\t \t<div class=\"service-wrapper\">\r\n \t\t<div class=\"service-header\">\r\n\t\t\t\t\t\t\t<div class=\"service-box-icon\">\r\n\t\t\t\t\t\t\t        <div class=\"icon-image\">\r\n\t\t\t         \t<img decoding=\"async\" src=\"https:\/\/alternatifdireksiyon.com.tr\/wp-content\/uploads\/2019\/10\/tire-and-wheel-services.svg\" alt=\"icon\">\r\n\t\t\t        <\/div>\r\n\t\t\t    \t\t\t\t<\/div>\r\n\t\t\t\t\t\t<h4 class=\"service-title\"><a href=\"https:\/\/alternatifdireksiyon.com.tr\/index.php\/opal_service\/direksiyon-kutusu-ve-pompa-satisi\/\" rel=\"bookmark\">Direksiyon Kutusu ve Pompa Sat\u0131\u015f\u0131<\/a><\/h4>\t\t<\/div>\r\n\t\t<div class=\"entry-content\">\r\n\t\t\t<div class=\"service-content\">\r\n\t\t\t\t\t\t     <div class=\"service-categories info\">\r\n\t\t\t     \t\t\t     <\/div>\r\n\t\t\t\t\t\t\t\t\t\t<div class=\"service-description\">\r\n\t\t\t\t\tDireksiyon Kutusu ve Pompa Sat\u0131\u015f\u0131 Stoklar\u0131m\u0131zda t\u00fcm marka\/model ara\u00e7lar\u0131n revize edilmi\u015f direksiyon pompalar\u0131 ve direksiyon kutular\u0131 bulunmaktad\u0131r. H\u0131zl\u0131 Servis \u00d6d\u00fcl\u00fc hizmet Uzman Ekip G\u00fcvenli \u00d6dem Uygun Fiyatl\u0131 Hizmetler 90 ...\t\t\t\t<\/div>\r\n\t\t\t\t\t\t\t\t\t<\/div>\r\n\t\t<\/div><!-- .entry-content -->\r\n\t<\/div>\r\n\t\t\t<meta itemprop=\"url\" content=\"https:\/\/alternatifdireksiyon.com.tr\/index.php\/opal_service\/direksiyon-kutusu-ve-pompa-satisi\/\" \/>\r\n\r\n<\/article><!-- #post-## -->\r\n\t\r\n\t\t\t\t\t\t\t\t\t\t\t\t\t<\/div>\r\n\t\t\t\t\t\t\t\t\t\t\t<div class=\"column-item \">\r\n\t\t\t\t\t\t\t\t\t\t\t\t\t\t\t \r\n<article itemscope itemtype=\"http:\/\/schema.org\/Service\" class=\"page post-174 opal_service type-opal_service status-publish has-post-thumbnail hentry\" >\r\n\t \t<div class=\"service-wrapper\">\r\n \t\t<div class=\"service-header\">\r\n\t\t\t\t\t\t\t<div class=\"service-box-icon\">\r\n\t\t\t\t\t\t\t        <div class=\"icon-image\">\r\n\t\t\t         \t<img decoding=\"async\" src=\"https:\/\/alternatifdireksiyon.com.tr\/wp-content\/uploads\/2019\/10\/tire-and-wheel-services.svg\" alt=\"icon\">\r\n\t\t\t        <\/div>\r\n\t\t\t    \t\t\t\t<\/div>\r\n\t\t\t\t\t\t<h4 class=\"service-title\"><a href=\"https:\/\/alternatifdireksiyon.com.tr\/index.php\/opal_service\/servo-direksiyon-tamiri\/\" rel=\"bookmark\">Servo Direksiyon Tamiri<\/a><\/h4>\t\t<\/div>\r\n\t\t<div class=\"entry-content\">\r\n\t\t\t<div class=\"service-content\">\r\n\t\t\t\t\t\t     <div class=\"service-categories info\">\r\n\t\t\t     \t\t\t     <\/div>\r\n\t\t\t\t\t\t\t\t\t\t<div class=\"service-description\">\r\n\t\t\t\t\tServo Direksiyon Tamiri Geli\u015fen teknoloji ile beraber yeni nesil servo direksiyonlar\u0131n temiri de firmam\u0131z taraf\u0131ndan yap\u0131lmaktad\u0131r. Daha \u00f6nce hidrolik direksiyonu olmayan bir ara\u00e7 kulland\u0131ysan\u0131z, \u00f6zellikle arac\u0131n\u0131z\u0131 park ederken oldu\u011fu ...\t\t\t\t<\/div>\r\n\t\t\t\t\t\t\t\t\t<\/div>\r\n\t\t<\/div><!-- .entry-content -->\r\n\t<\/div>\r\n\t\t\t<meta itemprop=\"url\" content=\"https:\/\/alternatifdireksiyon.com.tr\/index.php\/opal_service\/servo-direksiyon-tamiri\/\" \/>\r\n\r\n<\/article><!-- #post-## -->\r\n\t\r\n\t\t\t\t\t\t\t\t\t\t\t\t\t<\/div>\r\n\t\t\t\t\t\t\t\t\t<\/div>\r\n\t\t\t\t\t<\/div>\t\r\n\t<\/div>\r\n\t\t<\/div>\n\t\t\t\t<\/div>\n\t\t\t\t\t<\/div>\n\t\t<\/div>\n\t\t\t\t\t\t\t<\/div>\n\t\t<\/section>\n\t\t\t\t\t<\/div>\n\t\t<\/div>\n\t\t\t\t\t\t\t<\/div>\n\t\t<\/section>\n\t\t\t\t\t\t\t<\/div>\n\t\t","protected":false},"excerpt":{"rendered":"<p>Kalite Tesad\u00fcf De\u011fil 2008 y\u0131l\u0131ndan bug\u00fcne kadar kusursuz m\u00fc\u015fteri memnuniyeti ile hizmet veriyoruz. \u015eimdi bu hizmeti T\u00fcrkiye\u2019nin her yerine ula\u015ft\u0131r\u0131yoruz! 1.ARIZA TESP\u0130T 2.ONARIM 3.TESL\u0130MAT Hizmetlerimiz Direksiyon Bak\u0131m\u0131, Tamir ve Revizyonu Direksiyon Bak\u0131m\u0131, Tamir ve Revizyonu T\u00fcm marka ve model ara\u00e7lar\u0131n direksiyon bak\u0131m\u0131, tamiri ve revizyon i\u015flemleri uzman ekibimiz taraf\u0131ndan yap\u0131lmaktad\u0131r. H\u0131zl\u0131 Servis \u00d6d\u00fcl\u00fc hizmet Uzman<\/p>\n<div class=\"carutos-read-more-link\"><a class=\"more-link button-link\" href=\"https:\/\/alternatifdireksiyon.com.tr\/index.php\/opal_service\/servo-direksiyon-tamiri\/\">Read More  &nbsp; <i class=\"fa fa-long-arrow-right\" aria-hidden=\"true\"><\/i><\/a><\/div>\n","protected":false},"author":1,"featured_media":0,"parent":0,"menu_order":0,"comment_status":"closed","ping_status":"closed","template":"page-templates\/page-elementor.php","meta":{"_joinchat":[]},"_links":{"self":[{"href":"https:\/\/alternatifdireksiyon.com.tr\/index.php\/wp-json\/wp\/v2\/pages\/170"}],"collection":[{"href":"https:\/\/alternatifdireksiyon.com.tr\/index.php\/wp-json\/wp\/v2\/pages"}],"about":[{"href":"https:\/\/alternatifdireksiyon.com.tr\/index.php\/wp-json\/wp\/v2\/types\/page"}],"author":[{"embeddable":true,"href":"https:\/\/alternatifdireksiyon.com.tr\/index.php\/wp-json\/wp\/v2\/users\/1"}],"replies":[{"embeddable":true,"href":"https:\/\/alternatifdireksiyon.com.tr\/index.php\/wp-json\/wp\/v2\/comments?post=170"}],"version-history":[{"count":4,"href":"https:\/\/alternatifdireksiyon.com.tr\/index.php\/wp-json\/wp\/v2\/pages\/170\/revisions"}],"predecessor-version":[{"id":444,"href":"https:\/\/alternatifdireksiyon.com.tr\/index.php\/wp-json\/wp\/v2\/pages\/170\/revisions\/444"}],"wp:attachment":[{"href":"https:\/\/alternatifdireksiyon.com.tr\/index.php\/wp-json\/wp\/v2\/media?parent=170"}],"curies":[{"name":"wp","href":"https:\/\/api.w.org\/{rel}","templated":true}]}}