{"id":158,"date":"2019-10-29T03:49:25","date_gmt":"2019-10-29T00:49:25","guid":{"rendered":"https:\/\/alternatifdireksiyon.com.tr\/index.php\/faq\/"},"modified":"2023-04-10T23:16:30","modified_gmt":"2023-04-10T20:16:30","slug":"s-s-s","status":"publish","type":"page","link":"https:\/\/alternatifdireksiyon.com.tr\/index.php\/s-s-s\/","title":{"rendered":"S.S.S"},"content":{"rendered":"\t\t<div data-elementor-type=\"wp-page\" data-elementor-id=\"158\" class=\"elementor elementor-158\">\n\t\t\t\t\t\t\t\t\t<section class=\"elementor-section elementor-top-section elementor-element elementor-element-ee9677a elementor-section-boxed elementor-section-height-default elementor-section-height-default\" data-id=\"ee9677a\" data-element_type=\"section\">\n\t\t\t\t\t\t<div class=\"elementor-container elementor-column-gap-no\">\n\t\t\t\t\t<div class=\"elementor-column elementor-col-66 elementor-top-column elementor-element elementor-element-0ecdb70\" data-id=\"0ecdb70\" data-element_type=\"column\">\n\t\t\t<div class=\"elementor-widget-wrap elementor-element-populated\">\n\t\t\t\t\t\t\t\t<section class=\"elementor-section elementor-inner-section elementor-element elementor-element-da3d0c1 elementor-section-boxed elementor-section-height-default elementor-section-height-default\" data-id=\"da3d0c1\" data-element_type=\"section\">\n\t\t\t\t\t\t<div class=\"elementor-container elementor-column-gap-no\">\n\t\t\t\t\t<div class=\"elementor-column elementor-col-100 elementor-inner-column elementor-element elementor-element-5b718d1\" data-id=\"5b718d1\" data-element_type=\"column\" data-settings=\"{&quot;background_background&quot;:&quot;classic&quot;}\">\n\t\t\t<div class=\"elementor-widget-wrap elementor-element-populated\">\n\t\t\t\t\t\t\t\t<div class=\"elementor-element elementor-element-a65685d animated-fast elementor-invisible elementor-widget elementor-widget-heading\" data-id=\"a65685d\" data-element_type=\"widget\" data-settings=\"{&quot;_animation&quot;:&quot;opal-move-up&quot;}\" data-widget_type=\"heading.default\">\n\t\t\t\t<div class=\"elementor-widget-container\">\n\t\t\t<style>\/*! elementor - v3.12.1 - 02-04-2023 *\/\n.elementor-heading-title{padding:0;margin:0;line-height:1}.elementor-widget-heading .elementor-heading-title[class*=elementor-size-]>a{color:inherit;font-size:inherit;line-height:inherit}.elementor-widget-heading .elementor-heading-title.elementor-size-small{font-size:15px}.elementor-widget-heading .elementor-heading-title.elementor-size-medium{font-size:19px}.elementor-widget-heading .elementor-heading-title.elementor-size-large{font-size:29px}.elementor-widget-heading .elementor-heading-title.elementor-size-xl{font-size:39px}.elementor-widget-heading .elementor-heading-title.elementor-size-xxl{font-size:59px}<\/style><h3 class=\"elementor-heading-title elementor-size-default\">S\u0131k\u00e7a Sorulan Sorular<\/h3>\t\t<\/div>\n\t\t\t\t<\/div>\n\t\t\t\t<div class=\"elementor-element elementor-element-64597b9 elementor-widget-divider--view-line elementor-widget elementor-widget-divider\" data-id=\"64597b9\" data-element_type=\"widget\" data-widget_type=\"divider.default\">\n\t\t\t\t<div class=\"elementor-widget-container\">\n\t\t\t<style>\/*! elementor - v3.12.1 - 02-04-2023 *\/\n.elementor-widget-divider{--divider-border-style:none;--divider-border-width:1px;--divider-color:#0c0d0e;--divider-icon-size:20px;--divider-element-spacing:10px;--divider-pattern-height:24px;--divider-pattern-size:20px;--divider-pattern-url:none;--divider-pattern-repeat:repeat-x}.elementor-widget-divider .elementor-divider{display:flex}.elementor-widget-divider .elementor-divider__text{font-size:15px;line-height:1;max-width:95%}.elementor-widget-divider .elementor-divider__element{margin:0 var(--divider-element-spacing);flex-shrink:0}.elementor-widget-divider .elementor-icon{font-size:var(--divider-icon-size)}.elementor-widget-divider .elementor-divider-separator{display:flex;margin:0;direction:ltr}.elementor-widget-divider--view-line_icon .elementor-divider-separator,.elementor-widget-divider--view-line_text .elementor-divider-separator{align-items:center}.elementor-widget-divider--view-line_icon .elementor-divider-separator:after,.elementor-widget-divider--view-line_icon .elementor-divider-separator:before,.elementor-widget-divider--view-line_text .elementor-divider-separator:after,.elementor-widget-divider--view-line_text .elementor-divider-separator:before{display:block;content:\"\";border-bottom:0;flex-grow:1;border-top:var(--divider-border-width) var(--divider-border-style) var(--divider-color)}.elementor-widget-divider--element-align-left .elementor-divider .elementor-divider-separator>.elementor-divider__svg:first-of-type{flex-grow:0;flex-shrink:100}.elementor-widget-divider--element-align-left .elementor-divider-separator:before{content:none}.elementor-widget-divider--element-align-left .elementor-divider__element{margin-left:0}.elementor-widget-divider--element-align-right .elementor-divider .elementor-divider-separator>.elementor-divider__svg:last-of-type{flex-grow:0;flex-shrink:100}.elementor-widget-divider--element-align-right .elementor-divider-separator:after{content:none}.elementor-widget-divider--element-align-right .elementor-divider__element{margin-right:0}.elementor-widget-divider:not(.elementor-widget-divider--view-line_text):not(.elementor-widget-divider--view-line_icon) .elementor-divider-separator{border-top:var(--divider-border-width) var(--divider-border-style) var(--divider-color)}.elementor-widget-divider--separator-type-pattern{--divider-border-style:none}.elementor-widget-divider--separator-type-pattern.elementor-widget-divider--view-line .elementor-divider-separator,.elementor-widget-divider--separator-type-pattern:not(.elementor-widget-divider--view-line) .elementor-divider-separator:after,.elementor-widget-divider--separator-type-pattern:not(.elementor-widget-divider--view-line) .elementor-divider-separator:before,.elementor-widget-divider--separator-type-pattern:not([class*=elementor-widget-divider--view]) .elementor-divider-separator{width:100%;min-height:var(--divider-pattern-height);-webkit-mask-size:var(--divider-pattern-size) 100%;mask-size:var(--divider-pattern-size) 100%;-webkit-mask-repeat:var(--divider-pattern-repeat);mask-repeat:var(--divider-pattern-repeat);background-color:var(--divider-color);-webkit-mask-image:var(--divider-pattern-url);mask-image:var(--divider-pattern-url)}.elementor-widget-divider--no-spacing{--divider-pattern-size:auto}.elementor-widget-divider--bg-round{--divider-pattern-repeat:round}.rtl .elementor-widget-divider .elementor-divider__text{direction:rtl}.e-con-inner>.elementor-widget-divider,.e-con>.elementor-widget-divider{width:var(--container-widget-width,100%);--flex-grow:var(--container-widget-flex-grow)}<\/style>\t\t<div class=\"elementor-divider\">\n\t\t\t<span class=\"elementor-divider-separator\">\n\t\t\t\t\t\t<\/span>\n\t\t<\/div>\n\t\t\t\t<\/div>\n\t\t\t\t<\/div>\n\t\t\t\t<div class=\"elementor-element elementor-element-1b1c42e elementor-event-type-accordion elementor-widget elementor-widget-toggle\" data-id=\"1b1c42e\" data-element_type=\"widget\" data-widget_type=\"toggle.default\">\n\t\t\t\t<div class=\"elementor-widget-container\">\n\t\t\t<style>\/*! elementor - v3.12.1 - 02-04-2023 *\/\n.elementor-toggle{text-align:left}.elementor-toggle .elementor-tab-title{font-weight:700;line-height:1;margin:0;padding:15px;border-bottom:1px solid #d5d8dc;cursor:pointer;outline:none}.elementor-toggle .elementor-tab-title .elementor-toggle-icon{display:inline-block;width:1em}.elementor-toggle .elementor-tab-title .elementor-toggle-icon svg{-webkit-margin-start:-5px;margin-inline-start:-5px;width:1em;height:1em}.elementor-toggle .elementor-tab-title .elementor-toggle-icon.elementor-toggle-icon-right{float:right;text-align:right}.elementor-toggle .elementor-tab-title .elementor-toggle-icon.elementor-toggle-icon-left{float:left;text-align:left}.elementor-toggle .elementor-tab-title .elementor-toggle-icon .elementor-toggle-icon-closed{display:block}.elementor-toggle .elementor-tab-title .elementor-toggle-icon .elementor-toggle-icon-opened{display:none}.elementor-toggle .elementor-tab-title.elementor-active{border-bottom:none}.elementor-toggle .elementor-tab-title.elementor-active .elementor-toggle-icon-closed{display:none}.elementor-toggle .elementor-tab-title.elementor-active .elementor-toggle-icon-opened{display:block}.elementor-toggle .elementor-tab-content{padding:15px;border-bottom:1px solid #d5d8dc;display:none}@media (max-width:767px){.elementor-toggle .elementor-tab-title{padding:12px}.elementor-toggle .elementor-tab-content{padding:12px 10px}}.e-con-inner>.elementor-widget-toggle,.e-con>.elementor-widget-toggle{width:var(--container-widget-width);--flex-grow:var(--container-widget-flex-grow)}<\/style>\t\t<div class=\"elementor-toggle\" role=\"tablist\">\r\n\t\t\t\t\t\t\t<div class=\"elementor-toggle-item\">\r\n\t\t\t\t\t<div class=\"elementor-active elementor-tab-title\" id=\"elementor-tab-title-2841\" tabindex=\"2841\" data-tab=\"1\" role=\"tab\" aria-controls=\"elementor-tab-content-2841\">\r\n\t\t\t\t\t\t\t\t\t\t\t\t<span class=\"elementor-toggle-icon elementor-toggle-icon-left\" aria-hidden=\"true\">\r\n\t\t\t\t\t\t\t<i class=\"elementor-toggle-icon-closed lexus-icon-plus-circle\"><\/i>\r\n\t\t\t\t\t\t\t<i class=\"elementor-toggle-icon-opened lexus-icon-minus-circle\"><\/i>\r\n\t\t\t\t\t\t<\/span>\r\n\t\t\t\t\t\t\t\t\t\t\t\tDireksiyon Ar\u0131zas\u0131 Neden Olur ?\t\t\t\t\t<\/div>\r\n\t\t\t\t\t<div style=\"display: block;\" id=\"elementor-tab-content-2841\" class=\"elementor-tab-content elementor-clearfix\" data-tab=\"1\" role=\"tabpanel\" aria-labelledby=\"elementor-tab-title-2841\"><p>Direksiyon ar\u0131zalar\u0131nda kar\u015f\u0131la\u015f\u0131lan en s\u0131k ar\u0131za nedeni; direksiyon par\u00e7as\u0131n\u0131n su almas\u0131d\u0131r. Su ile temas eden par\u00e7a zamanla paslanmakta ve i\u00e7erisinde\u00a0 s\u0131zd\u0131rmazl\u0131k ke\u00e7elerine ve bur\u00e7lar\u0131na zarar vermektedir. Bu durumun olu\u015fmamas\u0131 i\u00e7in direksiyon kutusunu koruyan k\u00f6r\u00fcklerin y\u0131rt\u0131k veya y\u0131pranm\u0131\u015f olmamas\u0131na dikkat etmek gerekir. Bunun d\u0131\u015f\u0131nda d\u0131\u015far\u0131dan al\u0131nan darbelerde direksiyon kutusunda ar\u0131za olmas\u0131n\u0131n farkl\u0131 bir sebebidir. Par\u00e7an\u0131n kullan\u0131m \u00f6mr\u00fcn\u00fcn tamamlanmas\u0131 ise farkl\u0131 bir ar\u0131za sebebidir.<\/p><\/div>\r\n\t\t\t\t<\/div>\r\n\t\t\t\t\t\t\t<div class=\"elementor-toggle-item\">\r\n\t\t\t\t\t<div id=\"elementor-tab-title-2842\" class=\"elementor-tab-title\" tabindex=\"2842\" data-tab=\"2\" role=\"tab\" aria-controls=\"elementor-tab-content-2842\">\r\n\t\t\t\t\t\t\t\t\t\t\t\t<span class=\"elementor-toggle-icon elementor-toggle-icon-left\" aria-hidden=\"true\">\r\n\t\t\t\t\t\t\t<i class=\"elementor-toggle-icon-closed lexus-icon-plus-circle\"><\/i>\r\n\t\t\t\t\t\t\t<i class=\"elementor-toggle-icon-opened lexus-icon-minus-circle\"><\/i>\r\n\t\t\t\t\t\t<\/span>\r\n\t\t\t\t\t\t\t\t\t\t\t\tDireksiyon Ar\u0131zas\u0131na Kim Bakar ?\t\t\t\t\t<\/div>\r\n\t\t\t\t\t<div id=\"elementor-tab-content-2842\" class=\"elementor-tab-content elementor-clearfix\" data-tab=\"2\" role=\"tabpanel\" aria-labelledby=\"elementor-tab-title-2842\"><p>Direksiyon ar\u0131zas\u0131n\u0131 oto mekanik, motor servisleri, rot balans \u00f6n d\u00fczen servisleri ve direksiyon servisleri ar\u0131lar\u0131 te\u015fhis edebilir. Onar\u0131m ise sadece direksiyon servislerinde sa\u011flanabilir.<\/p><\/div>\r\n\t\t\t\t<\/div>\r\n\t\t\t\t\t\t\t<div class=\"elementor-toggle-item\">\r\n\t\t\t\t\t<div id=\"elementor-tab-title-2843\" class=\"elementor-tab-title\" tabindex=\"2843\" data-tab=\"3\" role=\"tab\" aria-controls=\"elementor-tab-content-2843\">\r\n\t\t\t\t\t\t\t\t\t\t\t\t<span class=\"elementor-toggle-icon elementor-toggle-icon-left\" aria-hidden=\"true\">\r\n\t\t\t\t\t\t\t<i class=\"elementor-toggle-icon-closed lexus-icon-plus-circle\"><\/i>\r\n\t\t\t\t\t\t\t<i class=\"elementor-toggle-icon-opened lexus-icon-minus-circle\"><\/i>\r\n\t\t\t\t\t\t<\/span>\r\n\t\t\t\t\t\t\t\t\t\t\t\tDireksiyon Ar\u0131zas\u0131 Garanti kapsam\u0131na Girermi ?\t\t\t\t\t<\/div>\r\n\t\t\t\t\t<div id=\"elementor-tab-content-2843\" class=\"elementor-tab-content elementor-clearfix\" data-tab=\"3\" role=\"tabpanel\" aria-labelledby=\"elementor-tab-title-2843\"><p>Arac\u0131n garanti s\u00fcresi devam ediyorsa di\u011fer b\u00fct\u00fcn par\u00e7alar gibi direksiyonda garanti kapsam\u0131na girmekterdir. Burada dikkat edilen husus, servis d\u0131\u015f\u0131nda i\u015flem g\u00f6rmemi\u015f ve herhangi darbe almam\u0131\u015f olmas\u0131d\u0131r.<\/p><\/div>\r\n\t\t\t\t<\/div>\r\n\t\t\t\t\t\t\t<div class=\"elementor-toggle-item\">\r\n\t\t\t\t\t<div id=\"elementor-tab-title-2844\" class=\"elementor-tab-title\" tabindex=\"2844\" data-tab=\"4\" role=\"tab\" aria-controls=\"elementor-tab-content-2844\">\r\n\t\t\t\t\t\t\t\t\t\t\t\t<span class=\"elementor-toggle-icon elementor-toggle-icon-left\" aria-hidden=\"true\">\r\n\t\t\t\t\t\t\t<i class=\"elementor-toggle-icon-closed lexus-icon-plus-circle\"><\/i>\r\n\t\t\t\t\t\t\t<i class=\"elementor-toggle-icon-opened lexus-icon-minus-circle\"><\/i>\r\n\t\t\t\t\t\t<\/span>\r\n\t\t\t\t\t\t\t\t\t\t\t\tDireksiyon Ar\u0131zas\u0131 Sesi Anla\u015f\u0131l\u0131r m\u0131 ?\t\t\t\t\t<\/div>\r\n\t\t\t\t\t<div id=\"elementor-tab-content-2844\" class=\"elementor-tab-content elementor-clearfix\" data-tab=\"4\" role=\"tabpanel\" aria-labelledby=\"elementor-tab-title-2844\"><p>Direksiyon ar\u0131za sesi, kullan\u0131c\u0131 taraf\u0131ndan sadece direksiyonu \u00e7evirdi\u011finde ses geliyorsa anla\u015f\u0131labilir. Di\u011fer sesler uzman ki\u015fi taraf\u0131ndan tespit edilebilir.<\/p><\/div>\r\n\t\t\t\t<\/div>\r\n\t\t\t\t\t<\/div>\r\n\t\t\t\t<\/div>\n\t\t\t\t<\/div>\n\t\t\t\t\t<\/div>\n\t\t<\/div>\n\t\t\t\t\t\t\t<\/div>\n\t\t<\/section>\n\t\t\t\t<section class=\"elementor-section elementor-inner-section elementor-element elementor-element-c1e9233 elementor-section-boxed elementor-section-height-default elementor-section-height-default\" data-id=\"c1e9233\" data-element_type=\"section\">\n\t\t\t\t\t\t<div class=\"elementor-container elementor-column-gap-no\">\n\t\t\t\t\t<div class=\"elementor-column elementor-col-100 elementor-inner-column elementor-element elementor-element-ca1e975\" data-id=\"ca1e975\" data-element_type=\"column\" data-settings=\"{&quot;background_background&quot;:&quot;classic&quot;}\">\n\t\t\t<div class=\"elementor-widget-wrap elementor-element-populated\">\n\t\t\t\t\t\t\t\t<div class=\"elementor-element elementor-element-c6cce39 animated-fast elementor-invisible elementor-widget elementor-widget-heading\" data-id=\"c6cce39\" data-element_type=\"widget\" data-settings=\"{&quot;_animation&quot;:&quot;opal-move-up&quot;}\" data-widget_type=\"heading.default\">\n\t\t\t\t<div class=\"elementor-widget-container\">\n\t\t\t<h3 class=\"elementor-heading-title elementor-size-default\">Sat\u0131\u015f Sonras\u0131 Hizmet\n<\/h3>\t\t<\/div>\n\t\t\t\t<\/div>\n\t\t\t\t<div class=\"elementor-element elementor-element-b7b9ed7 elementor-widget-divider--view-line elementor-widget elementor-widget-divider\" data-id=\"b7b9ed7\" data-element_type=\"widget\" data-widget_type=\"divider.default\">\n\t\t\t\t<div class=\"elementor-widget-container\">\n\t\t\t\t\t<div class=\"elementor-divider\">\n\t\t\t<span class=\"elementor-divider-separator\">\n\t\t\t\t\t\t<\/span>\n\t\t<\/div>\n\t\t\t\t<\/div>\n\t\t\t\t<\/div>\n\t\t\t\t<div class=\"elementor-element elementor-element-5327e36 elementor-event-type-accordion elementor-widget elementor-widget-toggle\" data-id=\"5327e36\" data-element_type=\"widget\" data-widget_type=\"toggle.default\">\n\t\t\t\t<div class=\"elementor-widget-container\">\n\t\t\t\t\t<div class=\"elementor-toggle\" role=\"tablist\">\r\n\t\t\t\t\t\t\t<div class=\"elementor-toggle-item\">\r\n\t\t\t\t\t<div class=\"elementor-active elementor-tab-title\" id=\"elementor-tab-title-8711\" tabindex=\"8711\" data-tab=\"1\" role=\"tab\" aria-controls=\"elementor-tab-content-8711\">\r\n\t\t\t\t\t\t\t\t\t\t\t\t<span class=\"elementor-toggle-icon elementor-toggle-icon-left\" aria-hidden=\"true\">\r\n\t\t\t\t\t\t\t<i class=\"elementor-toggle-icon-closed lexus-icon-plus-circle\"><\/i>\r\n\t\t\t\t\t\t\t<i class=\"elementor-toggle-icon-opened lexus-icon-minus-circle\"><\/i>\r\n\t\t\t\t\t\t<\/span>\r\n\t\t\t\t\t\t\t\t\t\t\t\tSat\u0131\u015f Sonras\u0131 Garnati S\u00fcresi Ne Kadar ?\t\t\t\t\t<\/div>\r\n\t\t\t\t\t<div style=\"display: block;\" id=\"elementor-tab-content-8711\" class=\"elementor-tab-content elementor-clearfix\" data-tab=\"1\" role=\"tabpanel\" aria-labelledby=\"elementor-tab-title-8711\"><p>Sat\u0131\u015f sonras\u0131 garanti s\u00fcresi genel olarak 1 (bir) y\u0131ld\u0131r. Par\u00e7an\u0131n \u00f6zelinde veya baz\u0131 durumlarda de\u011fi\u015fiklik g\u00f6sterebilir.<\/p><\/div>\r\n\t\t\t\t<\/div>\r\n\t\t\t\t\t\t\t<div class=\"elementor-toggle-item\">\r\n\t\t\t\t\t<div id=\"elementor-tab-title-8712\" class=\"elementor-tab-title\" tabindex=\"8712\" data-tab=\"2\" role=\"tab\" aria-controls=\"elementor-tab-content-8712\">\r\n\t\t\t\t\t\t\t\t\t\t\t\t<span class=\"elementor-toggle-icon elementor-toggle-icon-left\" aria-hidden=\"true\">\r\n\t\t\t\t\t\t\t<i class=\"elementor-toggle-icon-closed lexus-icon-plus-circle\"><\/i>\r\n\t\t\t\t\t\t\t<i class=\"elementor-toggle-icon-opened lexus-icon-minus-circle\"><\/i>\r\n\t\t\t\t\t\t<\/span>\r\n\t\t\t\t\t\t\t\t\t\t\t\tBa\u015fa Servise g\u00f6t\u00fcrmem Garantiyi Bozar m\u0131 *\t\t\t\t\t<\/div>\r\n\t\t\t\t\t<div id=\"elementor-tab-content-8712\" class=\"elementor-tab-content elementor-clearfix\" data-tab=\"2\" role=\"tabpanel\" aria-labelledby=\"elementor-tab-title-8712\"><p>Arac\u0131n\u0131z Alternatif\u00a0 Direksiyon&#8217;da tamir edildikten sonra ba\u015fka bir firman\u0131n s\u00fcrece m\u00fcdahale etmesi firmam\u0131z\u0131n garanti \u015fartlar\u0131n\u0131 ihlal etmektedir.<\/p><\/div>\r\n\t\t\t\t<\/div>\r\n\t\t\t\t\t\t\t<div class=\"elementor-toggle-item\">\r\n\t\t\t\t\t<div id=\"elementor-tab-title-8713\" class=\"elementor-tab-title\" tabindex=\"8713\" data-tab=\"3\" role=\"tab\" aria-controls=\"elementor-tab-content-8713\">\r\n\t\t\t\t\t\t\t\t\t\t\t\t<span class=\"elementor-toggle-icon elementor-toggle-icon-left\" aria-hidden=\"true\">\r\n\t\t\t\t\t\t\t<i class=\"elementor-toggle-icon-closed lexus-icon-plus-circle\"><\/i>\r\n\t\t\t\t\t\t\t<i class=\"elementor-toggle-icon-opened lexus-icon-minus-circle\"><\/i>\r\n\t\t\t\t\t\t<\/span>\r\n\t\t\t\t\t\t\t\t\t\t\t\tDireksiyon Kutusu Garantiye Girermi ?\t\t\t\t\t<\/div>\r\n\t\t\t\t\t<div id=\"elementor-tab-content-8713\" class=\"elementor-tab-content elementor-clearfix\" data-tab=\"3\" role=\"tabpanel\" aria-labelledby=\"elementor-tab-title-8713\"><p>Direksiyon kutular\u0131nda bulunan ya\u011f ka\u00e7aklar\u0131 genel olarak tamir edilebilir. Burada \u00f6nemli olan direksiyon kutusunun i\u00e7erisinde bulunan gremier milinin temizlenebilir durumda olmas\u0131d\u0131r. \u00c7ok uzun zaman su alm\u0131\u015f par\u00e7alar\u0131n pas oranlar\u0131 temizlenemeyecek durumda olabiliyor. Bu ancak par\u00e7a s\u00f6k\u00fcld\u00fckten sonra gerekli \u00f6l\u00e7\u00fcmlerin sonunda anla\u015f\u0131labilir.<\/p><\/div>\r\n\t\t\t\t<\/div>\r\n\t\t\t\t\t\t\t<div class=\"elementor-toggle-item\">\r\n\t\t\t\t\t<div id=\"elementor-tab-title-8714\" class=\"elementor-tab-title\" tabindex=\"8714\" data-tab=\"4\" role=\"tab\" aria-controls=\"elementor-tab-content-8714\">\r\n\t\t\t\t\t\t\t\t\t\t\t\t<span class=\"elementor-toggle-icon elementor-toggle-icon-left\" aria-hidden=\"true\">\r\n\t\t\t\t\t\t\t<i class=\"elementor-toggle-icon-closed lexus-icon-plus-circle\"><\/i>\r\n\t\t\t\t\t\t\t<i class=\"elementor-toggle-icon-opened lexus-icon-minus-circle\"><\/i>\r\n\t\t\t\t\t\t<\/span>\r\n\t\t\t\t\t\t\t\t\t\t\t\tDireksiyon Kutusu Ya\u011f ka\u00e7a\u011f\u0131 Tamiri yap\u0131l\u0131rm\u0131 ? \t\t\t\t\t<\/div>\r\n\t\t\t\t\t<div id=\"elementor-tab-content-8714\" class=\"elementor-tab-content elementor-clearfix\" data-tab=\"4\" role=\"tabpanel\" aria-labelledby=\"elementor-tab-title-8714\"><p>Direksiyon kutusundaki ya\u011f ka\u00e7\u0131rma oran\u0131na ve ka\u00e7a\u011f\u0131n ger\u00e7ekle\u015fti\u011fi alan\u0131n durumuna g\u00f6re; tamir ya da de\u011fi\u015fim i\u015flemi ger\u00e7ekle\u015ftirilmektedir.<\/p><\/div>\r\n\t\t\t\t<\/div>\r\n\t\t\t\t\t<\/div>\r\n\t\t\t\t<\/div>\n\t\t\t\t<\/div>\n\t\t\t\t\t<\/div>\n\t\t<\/div>\n\t\t\t\t\t\t\t<\/div>\n\t\t<\/section>\n\t\t\t\t\t<\/div>\n\t\t<\/div>\n\t\t\t\t<div class=\"elementor-column elementor-col-33 elementor-top-column elementor-element elementor-element-3288ea4\" data-id=\"3288ea4\" data-element_type=\"column\">\n\t\t\t<div class=\"elementor-widget-wrap elementor-element-populated\">\n\t\t\t\t\t\t\t\t<div class=\"elementor-element elementor-element-8567e7f elementor-cta--skin-cover elementor-cta--valign-top animated-fast elementor-animated-content elementor-bg-transform elementor-bg-transform-zoom-in elementor-invisible elementor-widget elementor-widget-call-to-action\" data-id=\"8567e7f\" data-element_type=\"widget\" data-settings=\"{&quot;_animation&quot;:&quot;opal-move-up&quot;}\" data-widget_type=\"call-to-action.default\">\n\t\t\t\t<div class=\"elementor-widget-container\">\n\t\t\t        <div  class=\"elementor-cta\">\n                <div class=\"elementor-cta__bg-wrapper\">\n            <div class=\"elementor-cta__bg elementor-bg\" style=\"background-image: url(https:\/\/alternatifdireksiyon.com.tr\/wp-content\/uploads\/2023\/04\/g8.png);\"><\/div>\n            <div class=\"elementor-cta__bg-overlay\"><\/div>\n        <\/div>\n                    <div class=\"elementor-cta__content\">\n        \n                    <h3 class=\"elementor-cta__title elementor-cta__content-item elementor-content-item elementor-animated-item--grow\">\n            H\u0131zl\u0131ca<br \/> \u0130leti\u015fime Ge\u00e7            <\/h3>\n        \n        \n                <div class=\"elementor-cta__button-wrapper elementor-cta__content-item elementor-content-item elementor-animated-item--grow\">\n            <a class=\"elementor-cta__button elementor-button elementor-size-sm\" href=\"https:\/\/alternatifdireksiyon.com.tr\/index.php\/iletisim\/\">\n            \u0130leti\u015fime Ge\u00e7\n                            <span class=\"elementor-button-icon elementor-align-icon-right\">\n                         <i class=\"lexus-icon-long-arrow-right\" aria-hidden=\"true\"><\/i>\n                        <\/span>\n                        <\/a>\n            <\/div>\n                <\/div>\n                    <\/div>\n        \t\t<\/div>\n\t\t\t\t<\/div>\n\t\t\t\t<div class=\"elementor-element elementor-element-78774b7 elementor-cta--valign-top elementor-cta--skin-cover elementor-animated-content elementor-bg-transform elementor-bg-transform-zoom-in elementor-widget elementor-widget-call-to-action\" data-id=\"78774b7\" data-element_type=\"widget\" data-widget_type=\"call-to-action.default\">\n\t\t\t\t<div class=\"elementor-widget-container\">\n\t\t\t        <div  class=\"elementor-cta\">\n                <div class=\"elementor-cta__bg-wrapper\">\n            <div class=\"elementor-cta__bg elementor-bg\" style=\"background-image: url();\"><\/div>\n            <div class=\"elementor-cta__bg-overlay\"><\/div>\n        <\/div>\n                    <div class=\"elementor-cta__content\">\n        \n                    <h2 class=\"elementor-cta__title elementor-cta__content-item elementor-content-item elementor-animated-item--grow\">\n            % 100 Hizmet Kalitesi            <\/h2>\n        \n                    <div class=\"elementor-cta__description elementor-cta__content-item elementor-content-item elementor-animated-item--grow\">\n                Sizde Bizimle \u00c7al\u0131\u015f\u0131n Hizmetin En \u0130yisini Al\u0131n.            <\/div>\n        \n                <div class=\"elementor-cta__button-wrapper elementor-cta__content-item elementor-content-item elementor-animated-item--grow\">\n            <a class=\"elementor-cta__button elementor-button elementor-size-sm\" href=\"https:\/\/alternatifdireksiyon.com.tr\/index.php\/hakkimizda\/\">\n            Hakk\u0131m\u0131zda\n                            <span class=\"elementor-button-icon elementor-align-icon-right\">\n                         <i class=\"lexus-icon-long-arrow-right\" aria-hidden=\"true\"><\/i>\n                        <\/span>\n                        <\/a>\n            <\/div>\n                <\/div>\n                    <\/div>\n        \t\t<\/div>\n\t\t\t\t<\/div>\n\t\t\t\t\t<\/div>\n\t\t<\/div>\n\t\t\t\t\t\t\t<\/div>\n\t\t<\/section>\n\t\t\t\t\t\t\t<\/div>\n\t\t","protected":false},"excerpt":{"rendered":"<p>S\u0131k\u00e7a Sorulan Sorular Direksiyon Ar\u0131zas\u0131 Neden Olur ? Direksiyon ar\u0131zalar\u0131nda kar\u015f\u0131la\u015f\u0131lan en s\u0131k ar\u0131za nedeni; direksiyon par\u00e7as\u0131n\u0131n su almas\u0131d\u0131r. Su ile temas eden par\u00e7a zamanla paslanmakta ve i\u00e7erisinde\u00a0 s\u0131zd\u0131rmazl\u0131k ke\u00e7elerine ve bur\u00e7lar\u0131na zarar vermektedir. Bu durumun olu\u015fmamas\u0131 i\u00e7in direksiyon kutusunu koruyan k\u00f6r\u00fcklerin y\u0131rt\u0131k veya y\u0131pranm\u0131\u015f olmamas\u0131na dikkat etmek gerekir. Bunun d\u0131\u015f\u0131nda d\u0131\u015far\u0131dan al\u0131nan darbelerde direksiyon<\/p>\n<div class=\"carutos-read-more-link\"><a class=\"more-link button-link\" href=\"https:\/\/alternatifdireksiyon.com.tr\/index.php\/s-s-s\/\">Read More  &nbsp; <i class=\"fa fa-long-arrow-right\" aria-hidden=\"true\"><\/i><\/a><\/div>\n","protected":false},"author":1,"featured_media":0,"parent":0,"menu_order":0,"comment_status":"closed","ping_status":"closed","template":"","meta":{"_joinchat":[]},"_links":{"self":[{"href":"https:\/\/alternatifdireksiyon.com.tr\/index.php\/wp-json\/wp\/v2\/pages\/158"}],"collection":[{"href":"https:\/\/alternatifdireksiyon.com.tr\/index.php\/wp-json\/wp\/v2\/pages"}],"about":[{"href":"https:\/\/alternatifdireksiyon.com.tr\/index.php\/wp-json\/wp\/v2\/types\/page"}],"author":[{"embeddable":true,"href":"https:\/\/alternatifdireksiyon.com.tr\/index.php\/wp-json\/wp\/v2\/users\/1"}],"replies":[{"embeddable":true,"href":"https:\/\/alternatifdireksiyon.com.tr\/index.php\/wp-json\/wp\/v2\/comments?post=158"}],"version-history":[{"count":7,"href":"https:\/\/alternatifdireksiyon.com.tr\/index.php\/wp-json\/wp\/v2\/pages\/158\/revisions"}],"predecessor-version":[{"id":473,"href":"https:\/\/alternatifdireksiyon.com.tr\/index.php\/wp-json\/wp\/v2\/pages\/158\/revisions\/473"}],"wp:attachment":[{"href":"https:\/\/alternatifdireksiyon.com.tr\/index.php\/wp-json\/wp\/v2\/media?parent=158"}],"curies":[{"name":"wp","href":"https:\/\/api.w.org\/{rel}","templated":true}]}}